{"id":78,"date":"2023-12-13T17:38:56","date_gmt":"2023-12-13T17:38:56","guid":{"rendered":"https:\/\/musikpoint.eu\/?page_id=78"},"modified":"2023-12-13T18:07:31","modified_gmt":"2023-12-13T18:07:31","slug":"volkwin-weiss","status":"publish","type":"page","link":"https:\/\/musikpoint.eu\/index.php\/musikschule-2\/unsere-lehrer\/volkwin-weiss\/","title":{"rendered":"Volkwin Weiss"},"content":{"rendered":"\n<div class=\"wp-block-media-text is-stacked-on-mobile is-vertically-aligned-top\" style=\"grid-template-columns:20% auto\"><figure class=\"wp-block-media-text__media\"><img loading=\"lazy\" decoding=\"async\" width=\"131\" height=\"175\" src=\"https:\/\/musikpoint.eu\/wp-content\/uploads\/2023\/12\/Volkwin_Weiss.jpg\" alt=\"Volkwin Weiss\" class=\"wp-image-82 size-full\"\/><\/figure><div class=\"wp-block-media-text__content\">\n<p><strong>Unterricht seit 1983&nbsp;<\/strong><\/p>\n\n\n\n<p>Gr\u00fcndung Private Musikschule \/ Neulingen\u00a0\u00a0<br>Organist ev. Kirche Bauschlott seit 1975<br><strong>Musik. Leitung<\/strong>: Posaunench\u00f6re K\u00f6nigsbach und Ispringen\u00a0 \u00a0 \u00a0 \u00a0 \u00a0 \u00a0<br>S-Big Band der Sparkasse Pforzheim-Calw<br><strong>T\u00e4tigkeit als Arrangeur<\/strong> f\u00fcr div. Orchester, Musikvereine, Ch\u00f6re und kleine Gruppen, u.a. f\u00fcr Sinfonieorchester Dortmund und Philharmonie Leipzig<\/p>\n<\/div><\/div>\n","protected":false},"excerpt":{"rendered":"<p>Unterricht seit 1983&nbsp; Gr\u00fcndung Private Musikschule \/ Neulingen\u00a0\u00a0Organist ev. Kirche Bauschlott seit 1975Musik. Leitung: Posaunench\u00f6re K\u00f6nigsbach und Ispringen\u00a0 \u00a0 \u00a0 \u00a0 \u00a0 \u00a0S-Big Band der Sparkasse Pforzheim-CalwT\u00e4tigkeit als Arrangeur f\u00fcr div. Orchester, Musikvereine, Ch\u00f6re und kleine Gruppen, u.a. f\u00fcr Sinfonieorchester Dortmund und Philharmonie Leipzig<\/p>\n","protected":false},"author":1,"featured_media":0,"parent":52,"menu_order":5,"comment_status":"closed","ping_status":"closed","template":"","meta":{"footnotes":""},"class_list":["post-78","page","type-page","status-publish","hentry","wpbf-post"],"_links":{"self":[{"href":"https:\/\/musikpoint.eu\/index.php\/wp-json\/wp\/v2\/pages\/78","targetHints":{"allow":["GET"]}}],"collection":[{"href":"https:\/\/musikpoint.eu\/index.php\/wp-json\/wp\/v2\/pages"}],"about":[{"href":"https:\/\/musikpoint.eu\/index.php\/wp-json\/wp\/v2\/types\/page"}],"author":[{"embeddable":true,"href":"https:\/\/musikpoint.eu\/index.php\/wp-json\/wp\/v2\/users\/1"}],"replies":[{"embeddable":true,"href":"https:\/\/musikpoint.eu\/index.php\/wp-json\/wp\/v2\/comments?post=78"}],"version-history":[{"count":2,"href":"https:\/\/musikpoint.eu\/index.php\/wp-json\/wp\/v2\/pages\/78\/revisions"}],"predecessor-version":[{"id":85,"href":"https:\/\/musikpoint.eu\/index.php\/wp-json\/wp\/v2\/pages\/78\/revisions\/85"}],"up":[{"embeddable":true,"href":"https:\/\/musikpoint.eu\/index.php\/wp-json\/wp\/v2\/pages\/52"}],"wp:attachment":[{"href":"https:\/\/musikpoint.eu\/index.php\/wp-json\/wp\/v2\/media?parent=78"}],"curies":[{"name":"wp","href":"https:\/\/api.w.org\/{rel}","templated":true}]}}