{"id":701,"date":"2026-04-01T06:40:15","date_gmt":"2026-04-01T06:40:15","guid":{"rendered":"https:\/\/musikpoint.eu\/?page_id=701"},"modified":"2026-04-02T07:05:50","modified_gmt":"2026-04-02T07:05:50","slug":"multivisionsschau","status":"publish","type":"page","link":"https:\/\/musikpoint.eu\/index.php\/veranstaltungen\/multivisionsschau\/","title":{"rendered":"Multivisionsschau"},"content":{"rendered":"\n<p>Erlebe faszinierende Multivisions- und Lichtbildvortr\u00e4ge, die zum Tr\u00e4umen, Staunen und Aufbrechen einladen. Der bekannte Wanderbuchautor Martin Kuhnle nimmt dich mit auf seine Wege und pr\u00e4sentiert dabei eindrucksvolle Bilder, pers\u00f6nliche Geschichten und bewegende Momente aus der Welt des Wanderns.<br>Authentisch erz\u00e4hlt, visuell mitrei\u00dfend und voller Inspiration f\u00fcr eigene Abenteuer.<br>Ein Vortrag, der Fernweh weckt und Lust macht, selbst loszuwandern.<\/p>\n\n\n\n<p>Folgende Multivisionsvortr\u00e4ge gibt es:<br>&#8211; Der Westweg (Fernwanderweg)<br>&#8211; Schwarzwald Trilogie Ost, Mittel, und Westweg<br>&#8211; Schwarzwald Schluchtensteig<br>&#8211; Schwarzw\u00e4lder Genie\u00dferpfade<br>&#8211; Nationalpark Schwarzwald<\/p>\n\n\n\n<p>Interesse? Dann kontaktiere uns einfach mit dem nachfolgenden Formular:<\/p>\n\n\n<style id=\"wpforms-css-vars-305\">\n\t\t\t\t#wpforms-305 {\n\t\t\t\t\n\t\t\t}\n\t\t\t<\/style><div class=\"wpforms-container wpforms-container-full wpforms-render-modern\" id=\"wpforms-305\"><form id=\"wpforms-form-305\" class=\"wpforms-validate wpforms-form wpforms-ajax-form\" data-formid=\"305\" method=\"post\" enctype=\"multipart\/form-data\" action=\"\/index.php\/wp-json\/wp\/v2\/pages\/701\" data-token=\"11d639bf7469f9f6744452cc48d5716b\" data-token-time=\"1776325163\"><noscript class=\"wpforms-error-noscript\">Bitte aktiviere JavaScript in deinem Browser, um dieses Formular fertigzustellen.<\/noscript><div id=\"wpforms-error-noscript\" style=\"display: none;\">Bitte aktiviere JavaScript in deinem Browser, um dieses Formular fertigzustellen.<\/div><div class=\"wpforms-field-container\"><div id=\"wpforms-305-field_2-container\" class=\"wpforms-field wpforms-field-name\" data-field-id=\"2\"><fieldset><legend class=\"wpforms-field-label\">Name <span class=\"wpforms-required-label\" aria-hidden=\"true\">*<\/span><\/legend><div class=\"wpforms-field-row wpforms-field-medium\"><div class=\"wpforms-field-row-block wpforms-first wpforms-one-half\"><input type=\"text\" id=\"wpforms-305-field_2\" class=\"wpforms-field-name-first wpforms-field-required\" name=\"wpforms[fields][2][first]\" aria-errormessage=\"wpforms-305-field_2-error\" required><label for=\"wpforms-305-field_2\" class=\"wpforms-field-sublabel after\">Vorname<\/label><\/div><div class=\"wpforms-field-row-block wpforms-one-half\"><input type=\"text\" id=\"wpforms-305-field_2-last\" class=\"wpforms-field-name-last wpforms-field-required\" name=\"wpforms[fields][2][last]\" aria-errormessage=\"wpforms-305-field_2-last-error\" required><label for=\"wpforms-305-field_2-last\" class=\"wpforms-field-sublabel after\">Nachname<\/label><\/div><\/div><\/fieldset><\/div><div id=\"wpforms-305-field_3-container\" class=\"wpforms-field wpforms-field-email\" data-field-id=\"3\"><fieldset><legend class=\"wpforms-field-label\">E-Mail-Adresse <span class=\"wpforms-required-label\" aria-hidden=\"true\">*<\/span><\/legend><div class=\"wpforms-field-row wpforms-field-medium\"><div class=\"wpforms-field-row-block wpforms-one-half wpforms-first\"><input type=\"email\" id=\"wpforms-305-field_3\" class=\"wpforms-field-required wpforms-field-email-primary\" name=\"wpforms[fields][3][primary]\" spellcheck=\"false\" aria-errormessage=\"wpforms-305-field_3-error\" required><label for=\"wpforms-305-field_3\" class=\"wpforms-field-sublabel after\">E-Mail-Adresse<\/label><\/div><div class=\"wpforms-field-row-block wpforms-one-half\"><input type=\"email\" id=\"wpforms-305-field_3-secondary\" class=\"wpforms-field-email-secondary wpforms-field-required\" data-rule-confirm=\"#wpforms-305-field_3\" name=\"wpforms[fields][3][secondary]\" spellcheck=\"false\" aria-errormessage=\"wpforms-305-field_3-secondary-error\" required><label for=\"wpforms-305-field_3-secondary\" class=\"wpforms-field-sublabel after\">E-Mail best\u00e4tigen<\/label><\/div><\/div><\/fieldset><\/div><div id=\"wpforms-305-field_8-container\" class=\"wpforms-field wpforms-field-text\" data-field-id=\"8\"><label class=\"wpforms-field-label\" for=\"wpforms-305-field_8\">Telefon <span class=\"wpforms-required-label\" aria-hidden=\"true\">*<\/span><\/label><input type=\"text\" id=\"wpforms-305-field_8\" class=\"wpforms-field-medium wpforms-field-required\" name=\"wpforms[fields][8]\" aria-errormessage=\"wpforms-305-field_8-error\" aria-describedby=\"wpforms-305-field_8-description\" required><div id=\"wpforms-305-field_8-description\" class=\"wpforms-field-description\">Bitte gib hier Deine Telefon-Nummer ein. z.B. 07041\/1234567<\/div><\/div><div id=\"wpforms-305-field_9-container\" class=\"wpforms-field wpforms-field-textarea\" data-field-id=\"9\"><label class=\"wpforms-field-label\" for=\"wpforms-305-field_9\">Anmerkung<\/label><textarea id=\"wpforms-305-field_9\" class=\"wpforms-field-medium\" name=\"wpforms[fields][9]\" aria-errormessage=\"wpforms-305-field_9-error\" aria-describedby=\"wpforms-305-field_9-description\" ><\/textarea><div id=\"wpforms-305-field_9-description\" class=\"wpforms-field-description\">Bitte geben Sie hier Ihr Anliegen ein.<\/div><\/div><\/div><!-- .wpforms-field-container --><div class=\"wpforms-recaptcha-container wpforms-is-hcaptcha\" ><div class=\"h-captcha\" data-sitekey=\"b2299610-4b92-41ae-9cd5-4b578cf19afe\"><\/div><input type=\"text\" name=\"g-recaptcha-hidden\" class=\"wpforms-recaptcha-hidden\" style=\"position:absolute!important;clip:rect(0,0,0,0)!important;height:1px!important;width:1px!important;border:0!important;overflow:hidden!important;padding:0!important;margin:0!important;\" data-rule-hcaptcha=\"1\"><\/div><div class=\"wpforms-submit-container\" ><input type=\"hidden\" name=\"wpforms[id]\" value=\"305\"><input type=\"hidden\" name=\"page_title\" value=\"\"><input type=\"hidden\" name=\"page_url\" value=\"https:\/\/musikpoint.eu\/index.php\/wp-json\/wp\/v2\/pages\/701\"><input type=\"hidden\" name=\"url_referer\" value=\"\"><button type=\"submit\" name=\"wpforms[submit]\" id=\"wpforms-submit-305\" class=\"wpforms-submit\" data-alt-text=\"Wird gesendet\u00a0\u2026\" data-submit-text=\"Absenden\" aria-live=\"assertive\" value=\"wpforms-submit\">Absenden<\/button><img loading=\"lazy\" decoding=\"async\" src=\"https:\/\/musikpoint.eu\/wp-content\/plugins\/wpforms-lite\/assets\/images\/submit-spin.svg\" class=\"wpforms-submit-spinner\" style=\"display: none;\" width=\"26\" height=\"26\" alt=\"Wird geladen\"><\/div><\/form><\/div>  <!-- .wpforms-container -->\n","protected":false},"excerpt":{"rendered":"<p>Erlebe faszinierende Multivisions- und Lichtbildvortr\u00e4ge, die zum Tr\u00e4umen, Staunen und Aufbrechen einladen. Der bekannte Wanderbuchautor Martin Kuhnle nimmt dich mit auf seine Wege und pr\u00e4sentiert dabei eindrucksvolle Bilder, pers\u00f6nliche Geschichten und bewegende Momente aus der Welt des Wanderns.Authentisch erz\u00e4hlt, visuell mitrei\u00dfend und voller Inspiration f\u00fcr eigene Abenteuer.Ein Vortrag, der Fernweh weckt und Lust macht, selbst [&hellip;]<\/p>\n","protected":false},"author":1,"featured_media":773,"parent":698,"menu_order":0,"comment_status":"closed","ping_status":"closed","template":"","meta":{"footnotes":""},"class_list":["post-701","page","type-page","status-publish","has-post-thumbnail","hentry","wpbf-post"],"_links":{"self":[{"href":"https:\/\/musikpoint.eu\/index.php\/wp-json\/wp\/v2\/pages\/701","targetHints":{"allow":["GET"]}}],"collection":[{"href":"https:\/\/musikpoint.eu\/index.php\/wp-json\/wp\/v2\/pages"}],"about":[{"href":"https:\/\/musikpoint.eu\/index.php\/wp-json\/wp\/v2\/types\/page"}],"author":[{"embeddable":true,"href":"https:\/\/musikpoint.eu\/index.php\/wp-json\/wp\/v2\/users\/1"}],"replies":[{"embeddable":true,"href":"https:\/\/musikpoint.eu\/index.php\/wp-json\/wp\/v2\/comments?post=701"}],"version-history":[{"count":2,"href":"https:\/\/musikpoint.eu\/index.php\/wp-json\/wp\/v2\/pages\/701\/revisions"}],"predecessor-version":[{"id":713,"href":"https:\/\/musikpoint.eu\/index.php\/wp-json\/wp\/v2\/pages\/701\/revisions\/713"}],"up":[{"embeddable":true,"href":"https:\/\/musikpoint.eu\/index.php\/wp-json\/wp\/v2\/pages\/698"}],"wp:featuredmedia":[{"embeddable":true,"href":"https:\/\/musikpoint.eu\/index.php\/wp-json\/wp\/v2\/media\/773"}],"wp:attachment":[{"href":"https:\/\/musikpoint.eu\/index.php\/wp-json\/wp\/v2\/media?parent=701"}],"curies":[{"name":"wp","href":"https:\/\/api.w.org\/{rel}","templated":true}]}}