{"id":124,"date":"2023-12-13T18:15:45","date_gmt":"2023-12-13T18:15:45","guid":{"rendered":"https:\/\/musikpoint.eu\/?page_id=124"},"modified":"2024-05-31T10:35:38","modified_gmt":"2024-05-31T10:35:38","slug":"musikvorschule","status":"publish","type":"page","link":"https:\/\/musikpoint.eu\/index.php\/musikschule-2\/musikvorschule\/","title":{"rendered":"Musikvorschule"},"content":{"rendered":"\n<div class=\"wp-block-media-text has-media-on-the-right is-stacked-on-mobile is-vertically-aligned-top\" style=\"grid-template-columns:auto 20%\"><div class=\"wp-block-media-text__content\">\n<p><strong>HEIDI MARIA&nbsp; K.<\/strong><\/p>\n\n\n\n<p><strong>Kids ab 5 \u00bd aufgepasst!<\/strong><br>Du m\u00f6chtest ein Instrument erlernen, wei\u00dft aber nicht welches am Besten zu Dir passt?<br>In unserer Vorschule haben wir die M\u00f6glichkeit in die Tiefe zu gehen, um Dein mitgebrachtes Potenzial individuell zu f\u00f6rdern. Wir testen verschiedene Instrumente aus und erlernen die Notengrundlagen, nach unserem speziell entwickelten Konzept. Gemeinsam finden wir Dein Instrument.<\/p>\n<\/div><figure class=\"wp-block-media-text__media\"><img loading=\"lazy\" decoding=\"async\" width=\"154\" height=\"152\" src=\"https:\/\/musikpoint.eu\/wp-content\/uploads\/2023\/12\/Heidi_Maria_K.jpg\" alt=\"Heidi Maria K.\" class=\"wp-image-57 size-full\"\/><\/figure><\/div>\n\n\n\n<p><strong>Kontakt<\/strong><\/p>\n\n\n\n<p>Mit diesem Formular kannst Du dich mit Heidi Maria K. in Verbindung setzen, damit Du mal in einer Probestunde ein oder mehrere Instrumente ausprobieren kannst. Vergiss bitte nicht Deine Email-Adresse und Telefonnummer einzutragen.<\/p>\n\n\n<style id=\"wpforms-css-vars-252\">\n\t\t\t\t#wpforms-252 {\n\t\t\t\t\n\t\t\t}\n\t\t\t<\/style><div class=\"wpforms-container wpforms-container-full wpforms-render-modern\" id=\"wpforms-252\"><form id=\"wpforms-form-252\" class=\"wpforms-validate wpforms-form wpforms-ajax-form\" data-formid=\"252\" method=\"post\" enctype=\"multipart\/form-data\" action=\"\/index.php\/wp-json\/wp\/v2\/pages\/124\" data-token=\"98ebc5942b5d603791bac6876b66815d\" data-token-time=\"1776325485\"><noscript class=\"wpforms-error-noscript\">Bitte aktiviere JavaScript in deinem Browser, um dieses Formular fertigzustellen.<\/noscript><div id=\"wpforms-error-noscript\" style=\"display: none;\">Bitte aktiviere JavaScript in deinem Browser, um dieses Formular fertigzustellen.<\/div><div class=\"wpforms-field-container\"><div id=\"wpforms-252-field_2-container\" class=\"wpforms-field wpforms-field-name\" data-field-id=\"2\"><fieldset><legend class=\"wpforms-field-label\">Name <span class=\"wpforms-required-label\" aria-hidden=\"true\">*<\/span><\/legend><div class=\"wpforms-field-row wpforms-field-medium\"><div class=\"wpforms-field-row-block wpforms-first wpforms-one-half\"><input type=\"text\" id=\"wpforms-252-field_2\" class=\"wpforms-field-name-first wpforms-field-required\" name=\"wpforms[fields][2][first]\" aria-errormessage=\"wpforms-252-field_2-error\" required><label for=\"wpforms-252-field_2\" class=\"wpforms-field-sublabel after\">Vorname<\/label><\/div><div class=\"wpforms-field-row-block wpforms-one-half\"><input type=\"text\" id=\"wpforms-252-field_2-last\" class=\"wpforms-field-name-last wpforms-field-required\" name=\"wpforms[fields][2][last]\" aria-errormessage=\"wpforms-252-field_2-last-error\" required><label for=\"wpforms-252-field_2-last\" class=\"wpforms-field-sublabel after\">Nachname<\/label><\/div><\/div><\/fieldset><\/div><div id=\"wpforms-252-field_3-container\" class=\"wpforms-field wpforms-field-email\" data-field-id=\"3\"><fieldset><legend class=\"wpforms-field-label\">E-Mail-Adresse <span class=\"wpforms-required-label\" aria-hidden=\"true\">*<\/span><\/legend><div class=\"wpforms-field-row wpforms-field-medium\"><div class=\"wpforms-field-row-block wpforms-one-half wpforms-first\"><input type=\"email\" id=\"wpforms-252-field_3\" class=\"wpforms-field-required wpforms-field-email-primary\" name=\"wpforms[fields][3][primary]\" spellcheck=\"false\" aria-errormessage=\"wpforms-252-field_3-error\" required><label for=\"wpforms-252-field_3\" class=\"wpforms-field-sublabel after\">E-Mail-Adresse<\/label><\/div><div class=\"wpforms-field-row-block wpforms-one-half\"><input type=\"email\" id=\"wpforms-252-field_3-secondary\" class=\"wpforms-field-email-secondary wpforms-field-required\" data-rule-confirm=\"#wpforms-252-field_3\" name=\"wpforms[fields][3][secondary]\" spellcheck=\"false\" aria-errormessage=\"wpforms-252-field_3-secondary-error\" required><label for=\"wpforms-252-field_3-secondary\" class=\"wpforms-field-sublabel after\">E-Mail best\u00e4tigen<\/label><\/div><\/div><\/fieldset><\/div><div id=\"wpforms-252-field_4-container\" class=\"wpforms-field wpforms-field-number\" data-field-id=\"4\"><label class=\"wpforms-field-label\" for=\"wpforms-252-field_4\">Alter <span class=\"wpforms-required-label\" aria-hidden=\"true\">*<\/span><\/label><input type=\"number\" id=\"wpforms-252-field_4\" class=\"wpforms-field-medium wpforms-field-required\" name=\"wpforms[fields][4]\" step=\"any\" aria-errormessage=\"wpforms-252-field_4-error\" aria-describedby=\"wpforms-252-field_4-description\" required><div id=\"wpforms-252-field_4-description\" class=\"wpforms-field-description\">Gib bitte Dein Alter ein<\/div><\/div><div id=\"wpforms-252-field_8-container\" class=\"wpforms-field wpforms-field-text\" data-field-id=\"8\"><label class=\"wpforms-field-label\" for=\"wpforms-252-field_8\">Telefon <span class=\"wpforms-required-label\" aria-hidden=\"true\">*<\/span><\/label><input type=\"text\" id=\"wpforms-252-field_8\" class=\"wpforms-field-medium wpforms-field-required\" name=\"wpforms[fields][8]\" aria-errormessage=\"wpforms-252-field_8-error\" aria-describedby=\"wpforms-252-field_8-description\" required><div id=\"wpforms-252-field_8-description\" class=\"wpforms-field-description\">Bitte gib hier Deine Telefon-Nummer ein. z.B. 07041\/1234567<\/div><\/div><div id=\"wpforms-252-field_5-container\" class=\"wpforms-field wpforms-field-select wpforms-field-select-style-classic\" data-field-id=\"5\"><label class=\"wpforms-field-label\" for=\"wpforms-252-field_5\">Instrument <span class=\"wpforms-required-label\" aria-hidden=\"true\">*<\/span><\/label><select id=\"wpforms-252-field_5\" class=\"wpforms-field-medium wpforms-field-required\" name=\"wpforms[fields][5]\" required=\"required\"><option value=\"Konzert-Gitarre f\u00fcr Kid&#039;s ab 5 Jahren\"  class=\"choice-1 depth-1\"  >Konzert-Gitarre f\u00fcr Kid's ab 5 Jahren<\/option><option value=\"Keine Ahnung. M\u00f6chte mal probieren\"  selected='selected' class=\"choice-7 depth-1\"  >Keine Ahnung. M\u00f6chte mal probieren<\/option><\/select><div id=\"wpforms-252-field_5-description\" class=\"wpforms-field-description\">W\u00e4hle bitte aus, welches Instrument gerne bei Heidi Maria K. erlernen m\u00f6chtest.<\/div><\/div><div id=\"wpforms-252-field_9-container\" class=\"wpforms-field wpforms-field-textarea\" data-field-id=\"9\"><label class=\"wpforms-field-label\" for=\"wpforms-252-field_9\">Anmerkung<\/label><textarea id=\"wpforms-252-field_9\" class=\"wpforms-field-medium\" name=\"wpforms[fields][9]\" aria-errormessage=\"wpforms-252-field_9-error\" aria-describedby=\"wpforms-252-field_9-description\" ><\/textarea><div id=\"wpforms-252-field_9-description\" class=\"wpforms-field-description\">Wenn Du uns noch etwas mitzuteilen hat, kannst Du Dich hier austoben.<\/div><\/div><\/div><!-- .wpforms-field-container --><div class=\"wpforms-recaptcha-container wpforms-is-hcaptcha\" ><div class=\"h-captcha\" data-sitekey=\"b2299610-4b92-41ae-9cd5-4b578cf19afe\"><\/div><input type=\"text\" name=\"g-recaptcha-hidden\" class=\"wpforms-recaptcha-hidden\" style=\"position:absolute!important;clip:rect(0,0,0,0)!important;height:1px!important;width:1px!important;border:0!important;overflow:hidden!important;padding:0!important;margin:0!important;\" data-rule-hcaptcha=\"1\"><\/div><div class=\"wpforms-submit-container\" ><input type=\"hidden\" name=\"wpforms[id]\" value=\"252\"><input type=\"hidden\" name=\"page_title\" value=\"\"><input type=\"hidden\" name=\"page_url\" value=\"https:\/\/musikpoint.eu\/index.php\/wp-json\/wp\/v2\/pages\/124\"><input type=\"hidden\" name=\"url_referer\" value=\"\"><button type=\"submit\" name=\"wpforms[submit]\" id=\"wpforms-submit-252\" class=\"wpforms-submit\" data-alt-text=\"Wird gesendet\u00a0\u2026\" data-submit-text=\"Absenden\" aria-live=\"assertive\" value=\"wpforms-submit\">Absenden<\/button><img loading=\"lazy\" decoding=\"async\" src=\"https:\/\/musikpoint.eu\/wp-content\/plugins\/wpforms-lite\/assets\/images\/submit-spin.svg\" class=\"wpforms-submit-spinner\" style=\"display: none;\" width=\"26\" height=\"26\" alt=\"Wird geladen\"><\/div><\/form><\/div>  <!-- .wpforms-container -->\n","protected":false},"excerpt":{"rendered":"<p>HEIDI MARIA&nbsp; K. Kids ab 5 \u00bd aufgepasst!Du m\u00f6chtest ein Instrument erlernen, wei\u00dft aber nicht welches am Besten zu Dir passt?In unserer Vorschule haben wir die M\u00f6glichkeit in die Tiefe zu gehen, um Dein mitgebrachtes Potenzial individuell zu f\u00f6rdern. Wir testen verschiedene Instrumente aus und erlernen die Notengrundlagen, nach unserem speziell entwickelten Konzept. Gemeinsam finden [&hellip;]<\/p>\n","protected":false},"author":1,"featured_media":0,"parent":48,"menu_order":0,"comment_status":"closed","ping_status":"closed","template":"","meta":{"footnotes":""},"class_list":["post-124","page","type-page","status-publish","hentry","wpbf-post"],"_links":{"self":[{"href":"https:\/\/musikpoint.eu\/index.php\/wp-json\/wp\/v2\/pages\/124","targetHints":{"allow":["GET"]}}],"collection":[{"href":"https:\/\/musikpoint.eu\/index.php\/wp-json\/wp\/v2\/pages"}],"about":[{"href":"https:\/\/musikpoint.eu\/index.php\/wp-json\/wp\/v2\/types\/page"}],"author":[{"embeddable":true,"href":"https:\/\/musikpoint.eu\/index.php\/wp-json\/wp\/v2\/users\/1"}],"replies":[{"embeddable":true,"href":"https:\/\/musikpoint.eu\/index.php\/wp-json\/wp\/v2\/comments?post=124"}],"version-history":[{"count":3,"href":"https:\/\/musikpoint.eu\/index.php\/wp-json\/wp\/v2\/pages\/124\/revisions"}],"predecessor-version":[{"id":259,"href":"https:\/\/musikpoint.eu\/index.php\/wp-json\/wp\/v2\/pages\/124\/revisions\/259"}],"up":[{"embeddable":true,"href":"https:\/\/musikpoint.eu\/index.php\/wp-json\/wp\/v2\/pages\/48"}],"wp:attachment":[{"href":"https:\/\/musikpoint.eu\/index.php\/wp-json\/wp\/v2\/media?parent=124"}],"curies":[{"name":"wp","href":"https:\/\/api.w.org\/{rel}","templated":true}]}}